{"id":51,"date":"2025-08-26T18:25:23","date_gmt":"2025-08-26T18:25:23","guid":{"rendered":"https:\/\/sintesis.ieem.org.mx\/?page_id=51"},"modified":"2025-11-26T17:53:52","modified_gmt":"2025-11-26T17:53:52","slug":"notas-relevantes","status":"publish","type":"page","link":"https:\/\/sintesis.ieem.org.mx\/?page_id=51","title":{"rendered":"Notas Relevantes"},"content":{"rendered":"\n<div class=\"wp-block-columns is-layout-flex wp-container-core-columns-is-layout-9d6595d7 wp-block-columns-is-layout-flex\">\n<div class=\"wp-block-column contenido_main is-layout-flow wp-block-column-is-layout-flow\" style=\"flex-basis:75%\"><ul class=\"wp-block-latest-posts__list has-dates wp-block-latest-posts\"><li><a class=\"wp-block-latest-posts__post-title\" href=\"https:\/\/sintesis.ieem.org.mx\/?p=12341\">Notas Relevantes 080426<\/a><time datetime=\"2026-04-08T07:21:59-06:00\" class=\"wp-block-latest-posts__post-date\">8 abril, 2026<\/time><div class=\"wp-block-latest-posts__post-full-content\"><!-- wp:heading -->\n<h2 class=\"wp-block-heading\">IEEM en los Medios<\/h2>\n<!-- \/wp:heading -->\n\n<!-- wp:shortcode -->\n<a href=\"https:\/\/sintesis.ieem.org.mx\/wp-content\/uploads\/notas-relevantes\/08-04-26\/01.pdf\" class=\"notas wplightbox\" target=\"_blank\" rel=\"noopener\"><h3>Portal Liberaci\u00f3n<\/h3><p>Rampante violencia pol\u00edtica vs mujeres en municipios, se\u00f1ala Amalia Pulido<\/p><\/a>\n<!-- \/wp:shortcode -->\n\n<!-- wp:shortcode -->\n<a href=\"https:\/\/sintesis.ieem.org.mx\/wp-content\/uploads\/notas-relevantes\/08-04-26\/02.pdf\" class=\"notas wplightbox\" target=\"_blank\" rel=\"noopener\"><h3>Heraldo Edomex, Amanecer<\/h3><p>IEEM espera respuesta sobre ampliaci\u00f3n presupuestal<\/p><\/a>\n<!-- \/wp:shortcode -->\n\n<!-- wp:shortcode -->\n<a href=\"https:\/\/sintesis.ieem.org.mx\/wp-content\/uploads\/notas-relevantes\/08-04-26\/03.pdf\" class=\"notas wplightbox\" target=\"_blank\" rel=\"noopener\"><h3>El Universal Edomex, El Sol de Toluca, La Jornada Edomex, Milenio Edomex, Heraldo Edomex, 8 Columnas, El Valle, La Tribuna, Portal Liberaci\u00f3n, Amanecer, Diario de M\u00e9xico<\/h3><p>Persiste violencia pol\u00edtica contra las mujeres<\/p><\/a>\n<!-- \/wp:shortcode -->\n\n<!-- wp:shortcode -->\n<a href=\"https:\/\/sintesis.ieem.org.mx\/wp-content\/uploads\/notas-relevantes\/08-04-26\/04.pdf\" class=\"notas wplightbox\" target=\"_blank\" rel=\"noopener\"><h3>Milenio Edomex<\/h3><p>Trabajan INE e IEEM para comicios con afluencia<\/p><\/a>\n<!-- \/wp:shortcode -->\n\n<!-- wp:shortcode -->\n<a href=\"https:\/\/sintesis.ieem.org.mx\/wp-content\/uploads\/notas-relevantes\/08-04-26\/05.pdf\" class=\"notas wplightbox\" target=\"_blank\" rel=\"noopener\"><h3>El Universal Edomex, Milenio Edomex<\/h3><p>Encuesta definir\u00e1 selecci\u00f3n de candidaturas pol\u00edticas<\/p><\/a>\n<!-- \/wp:shortcode -->\n\n<!-- wp:shortcode -->\n<a href=\"https:\/\/sintesis.ieem.org.mx\/wp-content\/uploads\/notas-relevantes\/08-04-26\/06.pdf\" class=\"notas wplightbox\" target=\"_blank\" rel=\"noopener\"><h3>El Valle, Heraldo Edomex<\/h3><p>INE presenta en Tlalnepantla herramienta digital con elecciones de 1991 a 2024<\/p><\/a>\n<!-- \/wp:shortcode -->\n\n<!-- wp:heading -->\n<h2 class=\"wp-block-heading\">Panorama estatal<\/h2>\n<!-- \/wp:heading -->\n\n<!-- wp:shortcode -->\n<a href=\"https:\/\/sintesis.ieem.org.mx\/wp-content\/uploads\/notas-relevantes\/08-04-26\/07.pdf\" class=\"notas wplightbox\" target=\"_blank\" rel=\"noopener\"><h3>La Jornada Edomex, 8 Columnas<\/h3><p>Macarena Montoya deja Salud; asume retos Celina Casta\u00f1eda<\/p><\/a>\n<!-- \/wp:shortcode -->\n\n<!-- wp:heading -->\n<h2 class=\"wp-block-heading\">Columnas Estatales<\/h2>\n<!-- \/wp:heading -->\n\n<!-- wp:shortcode -->\n<a href=\"https:\/\/sintesis.ieem.org.mx\/wp-content\/uploads\/notas-relevantes\/08-04-26\/41.pdf\" class=\"notas wplightbox\" target=\"_blank\" rel=\"noopener\"><h3>Columnas de opini\u00f3n<\/h3><p>Peri\u00f3dicos estatales<\/p><\/a>\n<!-- \/wp:shortcode -->\n\n<!-- wp:shortcode -->\n<a href=\"https:\/\/sintesis.ieem.org.mx\/wp-content\/uploads\/notas-relevantes\/08-04-26\/08.pdf\" class=\"notas wplightbox\" target=\"_blank\" rel=\"noopener\"><h3>8 Columnas<\/h3><p>La Patrona Implacable. M\u00e1s de 400 cargos en juego en elecci\u00f3n judicial<\/p><\/a>\n<!-- \/wp:shortcode -->\n\n<!-- wp:shortcode -->\n<a href=\"https:\/\/sintesis.ieem.org.mx\/wp-content\/uploads\/notas-relevantes\/08-04-26\/09.pdf\" class=\"notas wplightbox\" target=\"_blank\" rel=\"noopener\"><h3>Heraldo Edomex<\/h3><p>Ideas y Voces- La paridad dej\u00f3 de ser promesa para convertirse en regla<\/p><\/a>\n<!-- \/wp:shortcode -->\n\n<!-- wp:heading -->\n<h2 class=\"wp-block-heading\">INE y OPLES<\/h2>\n<!-- \/wp:heading -->\n\n<!-- wp:shortcode -->\n<a href=\"https:\/\/sintesis.ieem.org.mx\/wp-content\/uploads\/notas-relevantes\/08-04-26\/10.pdf\" class=\"notas wplightbox\" target=\"_blank\" rel=\"noopener\"><h3>Milenio Edomex<\/h3><p>Hacen ajustes el INE ante la falta de tres consejeros<\/p><\/a>\n<!-- \/wp:shortcode -->\n\n<!-- wp:shortcode -->\n<a href=\"https:\/\/sintesis.ieem.org.mx\/wp-content\/uploads\/notas-relevantes\/08-04-26\/11.pdf\" class=\"notas wplightbox\" target=\"_blank\" rel=\"noopener\"><h3>Unom\u00e1suno<\/h3><p>Elimina INE a Morena 160 mil afiliaciones por procedimientos irregulares<\/p><\/a>\n<!-- \/wp:shortcode -->\n\n<!-- wp:shortcode -->\n<a href=\"https:\/\/sintesis.ieem.org.mx\/wp-content\/uploads\/notas-relevantes\/08-04-26\/12.pdf\" class=\"notas wplightbox\" target=\"_blank\" rel=\"noopener\"><h3>Reforma<\/h3><p>Acusan en Le\u00f3n campa\u00f1a con IA<\/p><\/a>\n<!-- \/wp:shortcode -->\n\n<!-- wp:shortcode -->\n<a href=\"https:\/\/sintesis.ieem.org.mx\/wp-content\/uploads\/notas-relevantes\/08-04-26\/13.pdf\" class=\"notas wplightbox\" target=\"_blank\" rel=\"noopener\"><h3>Reforma<\/h3><p>Exigen considerar a pueblos en consulta<\/p><\/a>\n<!-- \/wp:shortcode -->\n\n<!-- wp:shortcode -->\n<a href=\"https:\/\/sintesis.ieem.org.mx\/wp-content\/uploads\/notas-relevantes\/08-04-26\/14.pdf\" class=\"notas wplightbox\" target=\"_blank\" rel=\"noopener\"><h3>Unom\u00e1suno<\/h3><p>SCJN elimina biom\u00e9tricos para celulares, pero ser\u00edan bloqueados si no se hace registro con CURP<\/p><\/a>\n<!-- \/wp:shortcode -->\n\n<!-- wp:heading -->\n<h2 class=\"wp-block-heading\">Tribunales Electorales<\/h2>\n<!-- \/wp:heading -->\n\n<!-- wp:shortcode -->\n<a href=\"https:\/\/sintesis.ieem.org.mx\/wp-content\/uploads\/notas-relevantes\/08-04-26\/15.pdf\" class=\"notas wplightbox\" target=\"_blank\" rel=\"noopener\"><h3>La Jornada<\/h3><p>Perfila el TEPJF invalidar amparo de Salinas Pliego contra espot de Morena<\/p><\/a>\n<!-- \/wp:shortcode -->\n\n<!-- wp:heading -->\n<h2 class=\"wp-block-heading\">Reforma Electoral<\/h2>\n<!-- \/wp:heading -->\n\n<!-- wp:shortcode -->\n<a href=\"https:\/\/sintesis.ieem.org.mx\/wp-content\/uploads\/notas-relevantes\/08-04-26\/16.pdf\" class=\"notas wplightbox\" target=\"_blank\" rel=\"noopener\"><h3>La Jornada, Reforma, Milenio<\/h3><p>Sin trabas, pasa en comisiones de San L\u00e1zaro el Plan B electoral<\/p><\/a>\n<!-- \/wp:shortcode -->\n\n<!-- wp:shortcode -->\n<a href=\"https:\/\/sintesis.ieem.org.mx\/wp-content\/uploads\/notas-relevantes\/08-04-26\/17.pdf\" class=\"notas wplightbox\" target=\"_blank\" rel=\"noopener\"><h3>La Raz\u00f3n<\/h3><p>PT alista respaldo; acusa \u201cfuego amigo\u201d de Morena<\/p><\/a>\n<!-- \/wp:shortcode -->\n\n<!-- wp:shortcode -->\n<a href=\"https:\/\/sintesis.ieem.org.mx\/wp-content\/uploads\/notas-relevantes\/08-04-26\/18.pdf\" class=\"notas wplightbox\" target=\"_blank\" rel=\"noopener\"><h3>El Financiero<\/h3><p>CSP intentar\u00e1 m\u00e1s reformas electorales adelanta G\u00f3mez<\/p><\/a>\n<!-- \/wp:shortcode -->\n\n<!-- wp:shortcode -->\n<a href=\"https:\/\/sintesis.ieem.org.mx\/wp-content\/uploads\/notas-relevantes\/08-04-26\/19.pdf\" class=\"notas wplightbox\" target=\"_blank\" rel=\"noopener\"><h3>Diario Basta<\/h3><p>Rebasan tope de gasto congresos estatales<\/p><\/a>\n<!-- \/wp:shortcode -->\n\n<!-- wp:heading -->\n<h2 class=\"wp-block-heading\">Columnas Nacionales<\/h2>\n<!-- \/wp:heading -->\n\n<!-- wp:shortcode -->\n<a href=\"https:\/\/sintesis.ieem.org.mx\/wp-content\/uploads\/notas-relevantes\/08-04-26\/40.pdf\" class=\"notas wplightbox\" target=\"_blank\" rel=\"noopener\"><h3>Columnas de opini\u00f3n<\/h3><p>Peri\u00f3dicos nacionales<\/p><\/a>\n<!-- \/wp:shortcode -->\n\n<!-- wp:shortcode -->\n<a href=\"https:\/\/sintesis.ieem.org.mx\/wp-content\/uploads\/notas-relevantes\/08-04-26\/20.pdf\" class=\"notas wplightbox\" target=\"_blank\" rel=\"noopener\"><h3>El Universal<\/h3><p>La batalla por los nuevos consejeros del INE: Mario Maldonado<\/p><\/a>\n<!-- \/wp:shortcode -->\n\n<!-- wp:shortcode -->\n<a href=\"https:\/\/sintesis.ieem.org.mx\/wp-content\/uploads\/notas-relevantes\/08-04-26\/21.pdf\" class=\"notas wplightbox\" target=\"_blank\" rel=\"noopener\"><h3>La Cr\u00f3nica de Hoy<\/h3><p>La fortaleza silenciosa del INE: Liliana D\u00edaz de Le\u00f3n<\/p><\/a>\n<!-- \/wp:shortcode -->\n\n<!-- wp:heading -->\n<h2 class=\"wp-block-heading\">Caricaturas<\/h2>\n<!-- \/wp:heading -->\n\n<!-- wp:shortcode -->\n<a href=\"https:\/\/sintesis.ieem.org.mx\/wp-content\/uploads\/notas-relevantes\/08-04-26\/42.pdf\" class=\"notas wplightbox\" target=\"_blank\" rel=\"noopener\"><h3>Caricaturas<\/h3><p>Caricaturas de peri\u00f3dicos estatales y nacionales<\/p><\/a>\n<!-- \/wp:shortcode -->\n\n<!-- wp:paragraph -->\n<p><\/p>\n<!-- \/wp:paragraph --><\/div><\/li>\n<\/ul><\/div>\n\n\n\n<div class=\"wp-block-column aside_nav is-layout-flow wp-block-column-is-layout-flow\" style=\"flex-basis:25%\"><ul class=\"wp-block-latest-posts__list has-dates wp-block-latest-posts\"><li><a class=\"wp-block-latest-posts__post-title\" href=\"https:\/\/sintesis.ieem.org.mx\/?p=12341\">Notas Relevantes 080426<\/a><time class=\"wp-block-latest-posts__post-date\">8 abril, 2026<\/time><\/li><li><a class=\"wp-block-latest-posts__post-title\" href=\"https:\/\/sintesis.ieem.org.mx\/?p=12245\">Notas Relevantes 070426<\/a><time class=\"wp-block-latest-posts__post-date\">7 abril, 2026<\/time><\/li><li><a class=\"wp-block-latest-posts__post-title\" href=\"https:\/\/sintesis.ieem.org.mx\/?p=12117\">Notas Relevantes 060426<\/a><time class=\"wp-block-latest-posts__post-date\">6 abril, 2026<\/time><\/li><li><a class=\"wp-block-latest-posts__post-title\" href=\"https:\/\/sintesis.ieem.org.mx\/?p=12089\">Notas Relevantes 050426<\/a><time class=\"wp-block-latest-posts__post-date\">5 abril, 2026<\/time><\/li><li><a class=\"wp-block-latest-posts__post-title\" href=\"https:\/\/sintesis.ieem.org.mx\/?p=12068\">Notas Relevantes 040426<\/a><time class=\"wp-block-latest-posts__post-date\">4 abril, 2026<\/time><\/li><li><a class=\"wp-block-latest-posts__post-title\" href=\"https:\/\/sintesis.ieem.org.mx\/?p=12032\">Notas Relevantes 030426<\/a><time class=\"wp-block-latest-posts__post-date\">3 abril, 2026<\/time><\/li><li><a class=\"wp-block-latest-posts__post-title\" href=\"https:\/\/sintesis.ieem.org.mx\/?p=11963\">Notas Relevantes 020426<\/a><time class=\"wp-block-latest-posts__post-date\">2 abril, 2026<\/time><\/li><li><a class=\"wp-block-latest-posts__post-title\" href=\"https:\/\/sintesis.ieem.org.mx\/?p=11887\">Notas Relevantes 010426<\/a><time class=\"wp-block-latest-posts__post-date\">1 abril, 2026<\/time><\/li><li><a class=\"wp-block-latest-posts__post-title\" href=\"https:\/\/sintesis.ieem.org.mx\/?p=11785\">Notas Relevantes 310326<\/a><time class=\"wp-block-latest-posts__post-date\">31 marzo, 2026<\/time><\/li><\/ul><div class=\"pagination\"><span aria-current=\"page\" class=\"page-numbers current\">1<\/span>\n<a class=\"page-numbers\" href=\"https:\/\/sintesis.ieem.org.mx\/index.php\/?paged=2&#038;rest_route=%2Fwp%2Fv2%2Fpages%2F51\">2<\/a>\n<a class=\"page-numbers\" href=\"https:\/\/sintesis.ieem.org.mx\/index.php\/?paged=3&#038;rest_route=%2Fwp%2Fv2%2Fpages%2F51\">3<\/a>\n<span class=\"page-numbers dots\">&hellip;<\/span>\n<a class=\"page-numbers\" href=\"https:\/\/sintesis.ieem.org.mx\/index.php\/?paged=16&#038;rest_route=%2Fwp%2Fv2%2Fpages%2F51\">16<\/a>\n<a class=\"next page-numbers\" href=\"https:\/\/sintesis.ieem.org.mx\/index.php\/?paged=2&#038;rest_route=%2Fwp%2Fv2%2Fpages%2F51\">Siguiente &raquo;<\/a><\/div>\n<\/div>\n<\/div>\n\n\n\n<p><\/p>\n","protected":false},"excerpt":{"rendered":"","protected":false},"author":1,"featured_media":0,"parent":0,"menu_order":0,"comment_status":"closed","ping_status":"closed","template":"","meta":{"inline_featured_image":false,"footnotes":""},"folder":[],"class_list":["post-51","page","type-page","status-publish","hentry"],"_links":{"self":[{"href":"https:\/\/sintesis.ieem.org.mx\/index.php?rest_route=\/wp\/v2\/pages\/51","targetHints":{"allow":["GET"]}}],"collection":[{"href":"https:\/\/sintesis.ieem.org.mx\/index.php?rest_route=\/wp\/v2\/pages"}],"about":[{"href":"https:\/\/sintesis.ieem.org.mx\/index.php?rest_route=\/wp\/v2\/types\/page"}],"author":[{"embeddable":true,"href":"https:\/\/sintesis.ieem.org.mx\/index.php?rest_route=\/wp\/v2\/users\/1"}],"replies":[{"embeddable":true,"href":"https:\/\/sintesis.ieem.org.mx\/index.php?rest_route=%2Fwp%2Fv2%2Fcomments&post=51"}],"version-history":[{"count":20,"href":"https:\/\/sintesis.ieem.org.mx\/index.php?rest_route=\/wp\/v2\/pages\/51\/revisions"}],"predecessor-version":[{"id":2126,"href":"https:\/\/sintesis.ieem.org.mx\/index.php?rest_route=\/wp\/v2\/pages\/51\/revisions\/2126"}],"wp:attachment":[{"href":"https:\/\/sintesis.ieem.org.mx\/index.php?rest_route=%2Fwp%2Fv2%2Fmedia&parent=51"}],"wp:term":[{"taxonomy":"folder","embeddable":true,"href":"https:\/\/sintesis.ieem.org.mx\/index.php?rest_route=%2Fwp%2Fv2%2Ffolder&post=51"}],"curies":[{"name":"wp","href":"https:\/\/api.w.org\/{rel}","templated":true}]}}